{"id":1712,"date":"2021-11-16T08:11:15","date_gmt":"2021-11-16T08:11:15","guid":{"rendered":"https:\/\/link.athemeart.com\/demo-data\/consted\/?page_id=187"},"modified":"2025-02-26T00:01:11","modified_gmt":"2025-02-25T23:01:11","slug":"home-page","status":"publish","type":"page","link":"https:\/\/elektrosk.at\/","title":{"rendered":"Startseite"},"content":{"rendered":"\t\t<div data-elementor-type=\"wp-page\" data-elementor-id=\"1712\" class=\"elementor elementor-1712\">\n\t\t\t\t\t\t<section class=\"elementor-section elementor-top-section elementor-element elementor-element-b59308e elementor-section-boxed elementor-section-height-default elementor-section-height-default\" data-id=\"b59308e\" data-element_type=\"section\">\n\t\t\t\t\t\t<div class=\"elementor-container elementor-column-gap-default\">\n\t\t\t\t\t<div class=\"elementor-column elementor-col-100 elementor-top-column elementor-element elementor-element-9718757\" data-id=\"9718757\" data-element_type=\"column\">\n\t\t\t<div class=\"elementor-widget-wrap elementor-element-populated\">\n\t\t\t\t\t\t<div class=\"elementor-element elementor-element-5a1118e elementor-widget elementor-widget-ata-count-down\" data-id=\"5a1118e\" data-element_type=\"widget\" data-widget_type=\"ata-count-down.default\">\n\t\t\t\t<div class=\"elementor-widget-container\">\n\t\t\t\t\t<div class=\"fun-fact\">\r\n        \r\n            <div class=\"bg\">\r\n                <div class=\"row no-gutters\"><div class=\"col-md-3 col-sm-6 col-12 \">\r\n                        <div class=\"single-box\">\r\n                            <div class=\"txt\">\r\n                                <h2><span class=\"odometer\" data-count=\"1232\">0<\/span>+<\/h2>\r\n                                <p>Zufriedene Kunden<\/p>\r\n                            <\/div>\r\n                        <\/div>\r\n                    <\/div><div class=\"col-md-3 col-sm-6 col-12 \">\r\n                        <div class=\"single-box\">\r\n                            <div class=\"txt\">\r\n                                <h2><span class=\"odometer\" data-count=\"846\">0<\/span>+<\/h2>\r\n                                <p>Projekte abgeschlossen<\/p>\r\n                            <\/div>\r\n                        <\/div>\r\n                    <\/div><div class=\"col-md-3 col-sm-6 col-12 \">\r\n                        <div class=\"single-box\">\r\n                            <div class=\"txt\">\r\n                                <h2><span class=\"odometer\" data-count=\"15\">0<\/span>+<\/h2>\r\n                                <p>Miterbeiter\/in<\/p>\r\n                            <\/div>\r\n                        <\/div>\r\n                    <\/div><div class=\"col-md-3 col-sm-6 col-12 fun-fact-last\">\r\n                        <div class=\"single-box\">\r\n                            <div class=\"txt\">\r\n                                <h2><span class=\"odometer\" data-count=\"8\">0<\/span>+<\/h2>\r\n                                <p>Bevorstehende Projekte<\/p>\r\n                            <\/div>\r\n                        <\/div>\r\n                    <\/div><\/div>\r\n            \t<\/div>\r\n        \t\r\n   \t\t <\/div>\t\t\t\t<\/div>\n\t\t\t\t<\/div>\n\t\t\t\t\t<\/div>\n\t\t<\/div>\n\t\t\t\t\t<\/div>\n\t\t<\/section>\n\t\t\t\t<section class=\"elementor-section elementor-top-section elementor-element elementor-element-fe88550 elementor-section-boxed elementor-section-height-default elementor-section-height-default\" data-id=\"fe88550\" data-element_type=\"section\">\n\t\t\t\t\t\t<div class=\"elementor-container elementor-column-gap-no\">\n\t\t\t\t\t<div class=\"elementor-column elementor-col-50 elementor-top-column elementor-element elementor-element-26baca4\" data-id=\"26baca4\" data-element_type=\"column\">\n\t\t\t<div class=\"elementor-widget-wrap elementor-element-populated\">\n\t\t\t\t\t\t<div class=\"elementor-element elementor-element-df213bc elementor-widget elementor-widget-image\" data-id=\"df213bc\" data-element_type=\"widget\" data-widget_type=\"image.default\">\n\t\t\t\t<div class=\"elementor-widget-container\">\n\t\t\t\t\t\t\t\t\t\t\t\t\t\t\t<img fetchpriority=\"high\" decoding=\"async\" width=\"500\" height=\"500\" src=\"https:\/\/elektrosk.at\/wp-content\/uploads\/2022\/02\/Clean-3.png\" class=\"attachment-large size-large wp-image-877\" alt=\"\" srcset=\"https:\/\/elektrosk.at\/wp-content\/uploads\/2022\/02\/Clean-3.png 500w, https:\/\/elektrosk.at\/wp-content\/uploads\/2022\/02\/Clean-3-300x300.png 300w, https:\/\/elektrosk.at\/wp-content\/uploads\/2022\/02\/Clean-3-150x150.png 150w\" sizes=\"(max-width: 500px) 100vw, 500px\" \/>\t\t\t\t\t\t\t\t\t\t\t\t\t\t\t<\/div>\n\t\t\t\t<\/div>\n\t\t\t\t\t<\/div>\n\t\t<\/div>\n\t\t\t\t<div class=\"elementor-column elementor-col-50 elementor-top-column elementor-element elementor-element-a1fd20f\" data-id=\"a1fd20f\" data-element_type=\"column\">\n\t\t\t<div class=\"elementor-widget-wrap elementor-element-populated\">\n\t\t\t\t\t\t<div class=\"elementor-element elementor-element-3b143f1 elementor-widget elementor-widget-ata-heading\" data-id=\"3b143f1\" data-element_type=\"widget\" data-widget_type=\"ata-heading.default\">\n\t\t\t\t<div class=\"elementor-widget-container\">\n\t\t\t\t\t<div class=\"ata-section-title ata_heading_style_1\"><strong class=\"sub-heading\">\u00dcber uns<\/strong><h2 class=\"be-heading default\" data-bigletter=\"\">Wir haben +25 Jahre Erfahrung, Sie k\u00f6nnen Elektro SK <span class=\"theme-color\">vertrauen.<\/span><\/h2><\/div>\t\t\t\t<\/div>\n\t\t\t\t<\/div>\n\t\t\t\t<div class=\"elementor-element elementor-element-e0b1cd0 elementor-widget elementor-widget-text-editor\" data-id=\"e0b1cd0\" data-element_type=\"widget\" data-widget_type=\"text-editor.default\">\n\t\t\t\t<div class=\"elementor-widget-container\">\n\t\t\t\t\t\t\t\t\t<div>Unser betrieb besteht aus einem berufserfahrenen Team das Ihnen gerne mit Freundlichkeit und fachlicher Kompetenz entgegen kommt.<\/div>\t\t\t\t\t\t\t\t<\/div>\n\t\t\t\t<\/div>\n\t\t\t\t<section class=\"elementor-section elementor-inner-section elementor-element elementor-element-84045fc elementor-section-full_width elementor-section-height-default elementor-section-height-default\" data-id=\"84045fc\" data-element_type=\"section\">\n\t\t\t\t\t\t<div class=\"elementor-container elementor-column-gap-default\">\n\t\t\t\t\t<div class=\"elementor-column elementor-col-50 elementor-inner-column elementor-element elementor-element-8f690e8\" data-id=\"8f690e8\" data-element_type=\"column\">\n\t\t\t<div class=\"elementor-widget-wrap elementor-element-populated\">\n\t\t\t\t\t\t<div class=\"elementor-element elementor-element-5b6d5ec elementor-widget elementor-widget-ata-icon-btn\" data-id=\"5b6d5ec\" data-element_type=\"widget\" data-widget_type=\"ata-icon-btn.default\">\n\t\t\t\t<div class=\"elementor-widget-container\">\n\t\t\t\t\t<a href=\"#\" class=\"jummbox-btn \" rel=\"\"><span class=\"icon\"><i class=\"fa fa-superscript\"><\/i><\/span><span class=\"txt\">Expertenteam<\/span><\/a>\t\t\t\t<\/div>\n\t\t\t\t<\/div>\n\t\t\t\t\t<\/div>\n\t\t<\/div>\n\t\t\t\t<div class=\"elementor-column elementor-col-50 elementor-inner-column elementor-element elementor-element-2d4e382\" data-id=\"2d4e382\" data-element_type=\"column\">\n\t\t\t<div class=\"elementor-widget-wrap elementor-element-populated\">\n\t\t\t\t\t\t<div class=\"elementor-element elementor-element-7727469 elementor-widget elementor-widget-ata-icon-btn\" data-id=\"7727469\" data-element_type=\"widget\" data-widget_type=\"ata-icon-btn.default\">\n\t\t\t\t<div class=\"elementor-widget-container\">\n\t\t\t\t\t<a href=\"#\" class=\"jummbox-btn \" rel=\"\"><span class=\"icon\"><i class=\"icofont icofont-thunder-light\"><\/i><\/span><span class=\"txt\">Schneller Service<\/span><\/a>\t\t\t\t<\/div>\n\t\t\t\t<\/div>\n\t\t\t\t\t<\/div>\n\t\t<\/div>\n\t\t\t\t\t<\/div>\n\t\t<\/section>\n\t\t\t\t<div class=\"elementor-element elementor-element-f6d1ae9 elementor-widget elementor-widget-text-editor\" data-id=\"f6d1ae9\" data-element_type=\"widget\" data-widget_type=\"text-editor.default\">\n\t\t\t\t<div class=\"elementor-widget-container\">\n\t\t\t\t\t\t\t\t\t<div>Elektro SK ist Ihr Fachmann in Sachen Elektrotechnik, SAT-Anlagen, EDV-Anlagen und Blitzanlagen! <br \/>Wir bieten Ihnen von der Beratung \u00fcber die Planung bis zur Ausf\u00fchrung: Starkstromanlagen, Empfangssysteme, Sprechanlagen, EDV-Netzwerkverkabelungen, Beleuchtungsanlagen, St\u00f6r- und Reparaturdienst<\/div>\t\t\t\t\t\t\t\t<\/div>\n\t\t\t\t<\/div>\n\t\t\t\t\t<\/div>\n\t\t<\/div>\n\t\t\t\t\t<\/div>\n\t\t<\/section>\n\t\t\t\t<section class=\"elementor-section elementor-top-section elementor-element elementor-element-132bdfd elementor-section-full_width elementor-section-stretched elementor-section-height-default elementor-section-height-default\" data-id=\"132bdfd\" data-element_type=\"section\" data-settings=\"{&quot;stretch_section&quot;:&quot;section-stretched&quot;,&quot;background_background&quot;:&quot;classic&quot;}\">\n\t\t\t\t\t\t<div class=\"elementor-container elementor-column-gap-default\">\n\t\t\t\t\t<div class=\"elementor-column elementor-col-100 elementor-top-column elementor-element elementor-element-02096dd\" data-id=\"02096dd\" data-element_type=\"column\">\n\t\t\t<div class=\"elementor-widget-wrap elementor-element-populated\">\n\t\t\t\t\t\t<div class=\"elementor-element elementor-element-0003534 elementor-widget elementor-widget-ata-heading\" data-id=\"0003534\" data-element_type=\"widget\" data-widget_type=\"ata-heading.default\">\n\t\t\t\t<div class=\"elementor-widget-container\">\n\t\t\t\t\t<div class=\"ata-section-title ata_heading_style_1\"><strong class=\"sub-heading\">Leistungen<\/strong><h2 class=\"be-heading default\" data-bigletter=\".....\">Elektro SK bietet den besten <span class=\"theme-color\">Service......<\/span><\/h2><div class=\"be_description\">Wir wurden mit der Zeit auch das Gesch\u00e4ftsfeld, nach wie vor werden Elektroinstallationen an Neubauten aller Art. Dazu kommen Einbau und Wartung von Solar- und Photovoltaikanlagen und der Verkauf und die Montage von SAT Antennen. Von der Planung \u00fcber den Einbau bis zur Wartung k\u00fcmmern wir uns um Vollspeicher, Teilspeicher und Fu\u00dfbodenheizungen. <\/div><\/div>\t\t\t\t<\/div>\n\t\t\t\t<\/div>\n\t\t\t\t<div class=\"elementor-element elementor-element-760dd02 elementor-widget elementor-widget-ata-service-box-2\" data-id=\"760dd02\" data-element_type=\"widget\" data-widget_type=\"ata-service-box-2.default\">\n\t\t\t\t<div class=\"elementor-widget-container\">\n\t\t\t\t\t<div class=\"service-wrap\">\r\n\t\t\t\t<div class=\"container\">\r\n\t\t\t\t<div class=\"row\"><div class=\"col-md-4 col-sm-6 col-12\">\t<div class=\"single-box\">\r\n\t\t<div class=\"img-box\"> <div class=\"overlay\">  <a href=\"http:\/\/localhost\/consted-demo\">+<\/a> <\/div><\/div>\r\n\t\t\t<div class=\"part-txt\">\r\n\t\t\t\t<a href=\"http:\/\/localhost\/consted-demo\" class=\"h4\">Aufgabengebiet<\/a>\r\n\t\t\t\t<p>Wir wollen die Beste L\u00f6sung f\u00fcr Sie finden und informieren Sie dabei \u00fcber neue Technologien und M\u00f6glichkeiten innerhalb der Vorschriften.<\/p>\r\n\t\t\t<\/div>\r\n\t\t<\/div><\/div><div class=\"col-md-4 col-sm-6 col-12\">\t<div class=\"single-box\">\r\n\t\t<div class=\"img-box\"> <div class=\"overlay\">  <a href=\"http:\/\/localhost\/consted-demo\">+<\/a> <\/div><\/div>\r\n\t\t\t<div class=\"part-txt\">\r\n\t\t\t\t<a href=\"http:\/\/localhost\/consted-demo\" class=\"h4\">Projekt Planung<\/a>\r\n\t\t\t\t<p>Wir planen f\u00fcr Sie jede Art der Elektroinstallation f\u00fcr Neu- und Umbauten im privaten und gewerblichen Bereich.<\/p>\r\n\t\t\t<\/div>\r\n\t\t<\/div><\/div><div class=\"col-md-4 col-sm-6 col-12\">\t<div class=\"single-box\">\r\n\t\t<div class=\"img-box\"> <div class=\"overlay\">  <a href=\"http:\/\/localhost\/consted-demo\">+<\/a> <\/div><\/div>\r\n\t\t\t<div class=\"part-txt\">\r\n\t\t\t\t<a href=\"http:\/\/localhost\/consted-demo\" class=\"h4\">Ausf\u00fchrung<\/a>\r\n\t\t\t\t<p>\n\nWie Sie anhand unserer Referenzprojekte sehen k\u00f6nnen reicht unser Leistungsangebot von einfachen Steckdosenerweiterungen bis hin zu modernen, technisch aufwendigen Gro\u00dfprojekten.<\/p>\r\n\t\t\t<\/div>\r\n\t\t<\/div><\/div>\r\n\t\t\t\t<\/div>\r\n\t\t\t\t<\/div>\r\n\t\t\t\t<\/div>\t\t\t\t<\/div>\n\t\t\t\t<\/div>\n\t\t\t\t\t<\/div>\n\t\t<\/div>\n\t\t\t\t\t<\/div>\n\t\t<\/section>\n\t\t\t\t<section class=\"elementor-section elementor-top-section elementor-element elementor-element-79c94ef elementor-section-boxed elementor-section-height-default elementor-section-height-default\" data-id=\"79c94ef\" data-element_type=\"section\" data-settings=\"{&quot;background_background&quot;:&quot;classic&quot;}\">\n\t\t\t\t\t\t<div class=\"elementor-container elementor-column-gap-default\">\n\t\t\t\t\t<div class=\"elementor-column elementor-col-100 elementor-top-column elementor-element elementor-element-d96bbaa\" data-id=\"d96bbaa\" data-element_type=\"column\">\n\t\t\t<div class=\"elementor-widget-wrap elementor-element-populated\">\n\t\t\t\t\t\t<div class=\"elementor-element elementor-element-e032bf3 elementor-widget elementor-widget-ata-heading\" data-id=\"e032bf3\" data-element_type=\"widget\" data-widget_type=\"ata-heading.default\">\n\t\t\t\t<div class=\"elementor-widget-container\">\n\t\t\t\t\t<div class=\"ata-section-title ata_heading_style_1\"><h2 class=\"be-heading default\" data-bigletter=\".....\">Google Rezensionen <br \/> von Unseren <span class=\"theme-color\">Kunden.....<\/span><\/h2><\/div>\t\t\t\t<\/div>\n\t\t\t\t<\/div>\n\t\t\t\t<div class=\"elementor-element elementor-element-75c1fd6 elementor-widget elementor-widget-ata-testimonials-carousel\" data-id=\"75c1fd6\" data-element_type=\"widget\" data-widget_type=\"ata-testimonials-carousel.default\">\n\t\t\t\t<div class=\"elementor-widget-container\">\n\t\t\t\t\t    <div class=\"testimonial-2\">\r\n      \r\n            <div class=\"row\">\r\n                <div class=\"col-xl-12 col-lg-12\">\r\n              \r\n                    <div class=\"comment-slider-2 owl-carousel\" data-col_md=\"3\" data-col_sm=\"2\" data-col=\"1\"   data-smart_speed=\"1000\" data-pause=\"\">\r\n                        \r\n                        <div class=\"single-comment\">\r\n                            <div class=\"part-img\">\r\n\t\t\t\t\t\t\t\t<img decoding=\"async\" src=\"https:\/\/athemeart.dev\/wp\/consted\/wp-content\/uploads\/2021\/11\/client-3.jpg\"\/>                            <\/div>\r\n                            <div class=\"part-txt\">\r\n                                <p>Also ich kann diese Firma nur empfehlen. Kompetente Beratung. Schnelle Ausf\u00fchrung. sauberes und ordentliches arbeiten. Faire Preise<\/p>\r\n                                <h4>Florian Kreissl<\/h4>\r\n                                <span>Designer<\/span>\r\n                            <\/div>\r\n                        <\/div>\r\n                         \r\n                        <div class=\"single-comment\">\r\n                            <div class=\"part-img\">\r\n\t\t\t\t\t\t\t\t<img decoding=\"async\" src=\"https:\/\/athemeart.dev\/wp\/consted\/wp-content\/uploads\/2021\/11\/client-1.jpg\"\/>                            <\/div>\r\n                            <div class=\"part-txt\">\r\n                                <p>Diese Firma ist einfach TOP. Hohe Termintreue, freundlich und schnell - hohe Fachkompetenz versteht sich von selbst. An unsere elektrischen Anlagen - von gr\u00f6\u00dferen Projekten bis zu kleineren Auftragen lassen wir nur Kasim und sein Team!<\/p>\r\n                                <h4>Markus P.<\/h4>\r\n                                <span>PM<\/span>\r\n                            <\/div>\r\n                        <\/div>\r\n                         \r\n                        <div class=\"single-comment\">\r\n                            <div class=\"part-img\">\r\n\t\t\t\t\t\t\t\t<img decoding=\"async\" src=\"https:\/\/athemeart.dev\/wp\/consted\/wp-content\/uploads\/2021\/11\/client-2.jpg\"\/>                            <\/div>\r\n                            <div class=\"part-txt\">\r\n                                <p>Top Kundenberatung und kompetente Mitarbeiter. Am allerwichtigsten jedoch ist der Preis, welcher in meinen Augen verglichen mit der Konkurrenz mehr als fair ist. Bin nicht in der Lage was negatives von mir zu geben.<\/p>\r\n                                <h4>Fabian Badawi<\/h4>\r\n                                <span>CEO &amp; Founder<\/span>\r\n                            <\/div>\r\n                        <\/div>\r\n                                             \r\n                    <\/div>\r\n                <\/div>\r\n            <\/div>\r\n        \r\n    <\/div>\r\n    <div class=\"clearfix\"><\/div>\t\t\t\t<\/div>\n\t\t\t\t<\/div>\n\t\t\t\t\t<\/div>\n\t\t<\/div>\n\t\t\t\t\t<\/div>\n\t\t<\/section>\n\t\t\t\t<section class=\"elementor-section elementor-top-section elementor-element elementor-element-7d9ce50 elementor-section-boxed elementor-section-height-default elementor-section-height-default\" data-id=\"7d9ce50\" data-element_type=\"section\" data-settings=\"{&quot;background_background&quot;:&quot;classic&quot;}\">\n\t\t\t\t\t\t<div class=\"elementor-container elementor-column-gap-default\">\n\t\t\t\t\t<div class=\"elementor-column elementor-col-100 elementor-top-column elementor-element elementor-element-922e5da\" data-id=\"922e5da\" data-element_type=\"column\">\n\t\t\t<div class=\"elementor-widget-wrap elementor-element-populated\">\n\t\t\t\t\t\t<div class=\"elementor-element elementor-element-98bbbe3 elementor-widget elementor-widget-ata-heading\" data-id=\"98bbbe3\" data-element_type=\"widget\" data-widget_type=\"ata-heading.default\">\n\t\t\t\t<div class=\"elementor-widget-container\">\n\t\t\t\t\t<div class=\"ata-section-title ata_heading_style_2\"><h2 class=\"be-heading default\" data-bigletter=\".....\">Unsere aktuellen <br \/>Projekte<\/h2><\/div>\t\t\t\t<\/div>\n\t\t\t\t<\/div>\n\t\t\t\t<div class=\"elementor-element elementor-element-486c162 elementor-widget elementor-widget-be-posts\" data-id=\"486c162\" data-element_type=\"widget\" data-settings=\"{&quot;_animation&quot;:&quot;none&quot;}\" data-widget_type=\"be-posts.default\">\n\t\t\t\t<div class=\"elementor-widget-container\">\n\t\t\t\t\t<div class=\"blog-wrap blog-inner row\">\r\n<article id=\"post-1\" class=\"consted-blogwrap col-md-4  col-sm-6  col-12 post-1 post type-post status-publish format-standard has-post-thumbnail hentry category-allgemein\">\r\n<div class=\"single-box\">\r\n \t <div class=\"part-img\"><a href=\"https:\/\/elektrosk.at\/index.php\/2021\/12\/27\/willkommen\/\" class=\"image-link\"><img decoding=\"async\" width=\"1280\" height=\"853\" src=\"https:\/\/elektrosk.at\/wp-content\/uploads\/2022\/12\/pexels-pok-rie-157827.jpg\" class=\"attachment-full size-full wp-post-image\" alt=\"\" \/><\/a><\/div>   <div class=\"part-txt\">\r\n               \r\n\t\t<div class=\"post-meta-wrap\"><ul class=\"post-meta tb-cell\"><\/ul><\/div><h5 class=\"entry-title\"><a href=\"https:\/\/elektrosk.at\/index.php\/2021\/12\/27\/willkommen\/\" rel=\"bookmark\">SPEZIALIST F\u00dcR ELEKTROTECHNIK!<\/a><\/h5>      \r\n       \r\n    <\/div>\r\n <\/div>   \r\n<\/article><!-- #post-1 -->\r\n<\/div>\t\t\t\t<\/div>\n\t\t\t\t<\/div>\n\t\t\t\t\t<\/div>\n\t\t<\/div>\n\t\t\t\t\t<\/div>\n\t\t<\/section>\n\t\t\t\t<section class=\"elementor-section elementor-top-section elementor-element elementor-element-4395497 elementor-section-full_width elementor-section-stretched elementor-section-height-default elementor-section-height-default\" data-id=\"4395497\" data-element_type=\"section\" data-settings=\"{&quot;stretch_section&quot;:&quot;section-stretched&quot;,&quot;background_background&quot;:&quot;classic&quot;}\">\n\t\t\t\t\t\t<div class=\"elementor-container elementor-column-gap-default\">\n\t\t\t\t\t<div class=\"elementor-column elementor-col-100 elementor-top-column elementor-element elementor-element-70878aa\" data-id=\"70878aa\" data-element_type=\"column\">\n\t\t\t<div class=\"elementor-widget-wrap elementor-element-populated\">\n\t\t\t\t\t\t<div class=\"elementor-element elementor-element-6f70150 elementor-widget elementor-widget-ata-logo-showcase\" data-id=\"6f70150\" data-element_type=\"widget\" data-widget_type=\"ata-logo-showcase.default\">\n\t\t\t\t<div class=\"elementor-widget-container\">\n\t\t\t\t\t        <div class=\"partner-slider owl-carousel\" data-col_md=\"6\" data-col_sm=\"3\" data-col=\"2\" data-auto_paly=\"8000\" data-smart_speed=\"2500\" data-pause=\"yes\">        \r\n        \t            \t                <div>\r\n                            \t\r\n\t\t\t<div class=\"logo-wrap\">\r\n\t\t\t\t<img decoding=\"async\" src=\"https:\/\/athemeart.dev\/wp\/consted\/wp-content\/uploads\/2021\/12\/partner-1.png\" alt=\"\">\t\t\t<\/div>\r\n                <\/div>           \r\n                        \t                <div>\r\n                            \t\r\n\t\t\t<div class=\"logo-wrap\">\r\n\t\t\t\t<img decoding=\"async\" src=\"https:\/\/athemeart.dev\/wp\/consted\/wp-content\/uploads\/2021\/12\/partner-2.png\" alt=\"\">\t\t\t<\/div>\r\n                <\/div>           \r\n                        \t                <div>\r\n                            \t\r\n\t\t\t<div class=\"logo-wrap\">\r\n\t\t\t\t<img decoding=\"async\" src=\"https:\/\/athemeart.dev\/wp\/consted\/wp-content\/uploads\/2021\/12\/partner-3.png\" alt=\"\">\t\t\t<\/div>\r\n                <\/div>           \r\n                        \t                <div>\r\n                            \t\r\n\t\t\t<div class=\"logo-wrap\">\r\n\t\t\t\t<img decoding=\"async\" src=\"https:\/\/athemeart.dev\/wp\/consted\/wp-content\/uploads\/2021\/12\/partner-4.png\" alt=\"\">\t\t\t<\/div>\r\n                <\/div>           \r\n                        \t                <div>\r\n                            \t\r\n\t\t\t<div class=\"logo-wrap\">\r\n\t\t\t\t<img decoding=\"async\" src=\"https:\/\/athemeart.dev\/wp\/consted\/wp-content\/uploads\/2021\/12\/partner-1.png\" alt=\"\">\t\t\t<\/div>\r\n                <\/div>           \r\n                        \t                <div>\r\n                            \t\r\n\t\t\t<div class=\"logo-wrap\">\r\n\t\t\t\t<img decoding=\"async\" src=\"https:\/\/athemeart.dev\/wp\/consted\/wp-content\/uploads\/2021\/12\/partner-2.png\" alt=\"\">\t\t\t<\/div>\r\n                <\/div>           \r\n                        \t                <div>\r\n                            \t\r\n\t\t\t<div class=\"logo-wrap\">\r\n\t\t\t\t<img decoding=\"async\" src=\"https:\/\/athemeart.dev\/wp\/consted\/wp-content\/uploads\/2021\/12\/partner-3.png\" alt=\"\">\t\t\t<\/div>\r\n                <\/div>           \r\n                        \t                <div>\r\n                            \t\r\n\t\t\t<div class=\"logo-wrap\">\r\n\t\t\t\t<img decoding=\"async\" src=\"https:\/\/athemeart.dev\/wp\/consted\/wp-content\/uploads\/2021\/12\/partner-3.png\" alt=\"\">\t\t\t<\/div>\r\n                <\/div>           \r\n                        \t                <div>\r\n                            \t\r\n\t\t\t<div class=\"logo-wrap\">\r\n\t\t\t\t<img decoding=\"async\" src=\"https:\/\/athemeart.dev\/wp\/consted\/wp-content\/uploads\/2021\/12\/partner-2.png\" alt=\"\">\t\t\t<\/div>\r\n                <\/div>           \r\n                        \t                <div>\r\n                            \t\r\n\t\t\t<div class=\"logo-wrap\">\r\n\t\t\t\t<img decoding=\"async\" src=\"https:\/\/athemeart.dev\/wp\/consted\/wp-content\/uploads\/2021\/12\/partner-1.png\" alt=\"\">\t\t\t<\/div>\r\n                <\/div>           \r\n                        \t                <div>\r\n                            \t\r\n\t\t\t<div class=\"logo-wrap\">\r\n\t\t\t\t<img decoding=\"async\" src=\"https:\/\/athemeart.dev\/wp\/consted\/wp-content\/uploads\/2021\/12\/partner-4.png\" alt=\"\">\t\t\t<\/div>\r\n                <\/div>           \r\n                        \t                <div>\r\n                            \t\r\n\t\t\t<div class=\"logo-wrap\">\r\n\t\t\t\t<img decoding=\"async\" src=\"https:\/\/athemeart.dev\/wp\/consted\/wp-content\/uploads\/2021\/12\/partner-3.png\" alt=\"\">\t\t\t<\/div>\r\n                <\/div>           \r\n                    \r\n        <\/div>\r\n        \t\t\t\t<\/div>\n\t\t\t\t<\/div>\n\t\t\t\t\t<\/div>\n\t\t<\/div>\n\t\t\t\t\t<\/div>\n\t\t<\/section>\n\t\t\t\t<\/div>\n\t\t","protected":false},"excerpt":{"rendered":"<p>0+ Zufriedene Kunden 0+ Projekte abgeschlossen 0+ Miterbeiter\/in 0+ Bevorstehende Projekte \u00dcber uns Wir haben +25 Jahre Erfahrung, Sie k\u00f6nnen Elektro SK vertrauen. Unser betrieb besteht aus einem berufserfahrenen Team das Ihnen gerne mit Freundlichkeit und fachlicher Kompetenz entgegen kommt. Expertenteam Schneller Service Elektro SK ist Ihr Fachmann in Sachen Elektrotechnik, SAT-Anlagen, EDV-Anlagen und Blitzanlagen! [&hellip;]<\/p>\n","protected":false},"author":1,"featured_media":0,"parent":0,"menu_order":0,"comment_status":"closed","ping_status":"closed","template":"templates\/home-page.php","meta":{"_monsterinsights_skip_tracking":false,"_monsterinsights_sitenote_active":false,"_monsterinsights_sitenote_note":"","_monsterinsights_sitenote_category":0,"footnotes":""},"class_list":["post-1712","page","type-page","status-publish","hentry"],"_links":{"self":[{"href":"https:\/\/elektrosk.at\/index.php\/wp-json\/wp\/v2\/pages\/1712","targetHints":{"allow":["GET"]}}],"collection":[{"href":"https:\/\/elektrosk.at\/index.php\/wp-json\/wp\/v2\/pages"}],"about":[{"href":"https:\/\/elektrosk.at\/index.php\/wp-json\/wp\/v2\/types\/page"}],"author":[{"embeddable":true,"href":"https:\/\/elektrosk.at\/index.php\/wp-json\/wp\/v2\/users\/1"}],"replies":[{"embeddable":true,"href":"https:\/\/elektrosk.at\/index.php\/wp-json\/wp\/v2\/comments?post=1712"}],"version-history":[{"count":9,"href":"https:\/\/elektrosk.at\/index.php\/wp-json\/wp\/v2\/pages\/1712\/revisions"}],"predecessor-version":[{"id":1886,"href":"https:\/\/elektrosk.at\/index.php\/wp-json\/wp\/v2\/pages\/1712\/revisions\/1886"}],"wp:attachment":[{"href":"https:\/\/elektrosk.at\/index.php\/wp-json\/wp\/v2\/media?parent=1712"}],"curies":[{"name":"wp","href":"https:\/\/api.w.org\/{rel}","templated":true}]}}